012303111
In base 14, what is -12 + 577?
565
In base 16, what is -6c8e81 - -d?
-6c8e74
In base 9, what is 10264 - -12315?
22580
In base 16, what is -56304e - 2?
-563050
In base 13, what is 651 + -439?
215
In base 5, what is -1244112344 + -3?
-1244112402
In base 13, what is 5b40481c - 4?
5b404818
In base 14, what is -a9 + -5752?
-581b
In base 9, what is -3354805476 + 3?
-3354805473
In base 2, what is -10010110001101 + -10101001?
-10011000110110
In base 8, what is -752567 - -76?
-752471
In base 11, what is 457 - 16651?
-161a5
In base 2, what is -1000000111000100001 + 100100100?
-1000000110011111101
In base 12, what is -360b2 - -76?
-36038
In base 9, what is 232 + -270023?
-268681
In base 16, what is -11cf091 + -4?
-11cf095
In base 16, what is -334a - -f71?
-23d9
In base 4, what is -10121 + -103223001?
-103233122
In base 3, what is -2101 - 1101110011?
-1101112112
In base 3, what is 211002 - 102010102010?
-102002121001
In base 8, what is -203 + 517101?
516676
In base 8, what is 1 + 14715776?
14715777
In base 5, what is -1003044 + 223?
-1002321
In base 16, what is -6f9bd9 + 36?
-6f9ba3
In base 10, what is 18549629 + 11?
18549640
In base 8, what is -12472007 + -12?
-12472021
In base 4, what is -11133311 + 2132?
-11131113
In base 3, what is -1121101 - 10010201?
-11202002
In base 6, what is -2 - 44000215203?
-44000215205
In base 11, what is -288 - 6455?
-6732
In base 9, what is 5047 - 34368?
-28321
In base 11, what is -181 + -a00716?
-a00897
In base 12, what is 6 - -13b74a16?
13b74a20
In base 15, what is -98 - 64d5e?
-64e07
In base 3, what is -10101000200212 + 22000?
-10101000101212
In base 12, what is -133 - -ab3558?
ab3425
In base 16, what is -15a - aec5?
-b01f
In base 11, what is -7a + -309529?
-3095a8
In base 4, what is 10133312301 - -10231?
10133323132
In base 11, what is 87755 - 50a?
87246
In base 5, what is -1 + 121043340232?
121043340231
In base 7, what is -1 - 526661132?
-526661133
In base 8, what is -11540 + 3554?
-5764
In base 15, what is 262e + -1e2?
243c
In base 2, what is 1011 - -10111110010010010010?
10111110010010011101
In base 15, what is 51d7 + c44?
5e2b
In base 13, what is -14a279 + -26?
-14a2a2
In base 12, what is -45b50 + 419?
-45733
In base 8, what is -16532 - 102146?
-120700
In base 4, what is -11303 + -10012303?
-10030212
In base 2, what is 1000010 - 1100110001000100000000?
-1100110001000010111110
In base 2, what is 11100101101110001110011 + 101?
11100101101110001111000
In base 11, what is 340 - 11713?
-11383
In base 12, what is 29399144 - -4?
29399148
In base 11, what is a399 + 2?
a3a0
In base 9, what is -131832 + 245?
-131576
In base 12, what is 42 - 12a492?
-12a450
In base 10, what is -564459 - 1546?
-566005
In base 16, what is -17 + 105a63?
105a4c
In base 8, what is -6540 + -56?
-6616
In base 9, what is 83 - -1134641?
1134734
In base 16, what is -11cb - 79?
-1244
In base 7, what is -1105 + 52013?
50605
In base 4, what is -22211 - 100333?
-123210
In base 7, what is 214111 - 224?
213554
In base 2, what is 10000010101101100101011010000 + 100?
10000010101101100101011010100
In base 3, what is 2200 - -1211120001021?
1211120010221
In base 4, what is 1213 - -2201021?
2202300
In base 14, what is -82db18 - -7c?
-82da7a
In base 10, what is -7 - -3246121?
3246114
In base 12, what is -3 - -423a349?
423a346
In base 5, what is 342 + 2241111?
2242003
In base 12, what is a3b1 - 3b?
a372
In base 4, what is -222203310 - -11022?
-222132222
In base 8, what is -27 + 202504?
202455
In base 9, what is -1 - -23115834?
23115833
In base 4, what is -13 + -222013211313?
-222013211332
In base 10, what is 9 - -27034467?
27034476
In base 6, what is 1 + -122451303?
-122451302
In base 4, what is -2002220200 - -10121?
-2002210013
In base 9, what is -4 - -1073307?
1073303
In base 12, what is 223a37255 + 5?
223a3725a
In base 12, what is -8 + 1ab653?
1ab647
In base 16, what is 5 + -2f0a96?
-2f0a91
In base 3, what is -2111011 - 221102221?
-1000221002
In base 12, what is 4a - -bb387?
bb415
In base 6, what is -1114214 + -250?
-1114504
In base 15, what is 58745 - 23?
58722
In base 15, what is 1508 - 405?
1103
In base 4, what is 32033221 - -20221?
32120102
In base 9, what is 116525 - -281?
116816
In base 9, what is -413 + 3622?
3208
In base 4, what is 3022030222131 + -11?
3022030222120
In base 7, what is -344034 - 31052?
-405116
In base 4, what is -1103 - -1031231?
1030122
In base 14, what is -6 + 7db6858?
7db6852
In base 7, what is 3510 + -20243?
-13433
In base 6, what is 2 + 223312430?
223312432
In base 15, what is -44 - -9c237?
9c1e3
In base 9, what is 8480 + 548?
10138
In base 9, what is 1348065 + 2?
1348067
In base 6, what is 2 - 2020150513?
-2020150511
In base 13, what is ab7069 - -70?
ab7109
In base 6, what is 511 - -15505511?
15510422
In base 6, what is -5 + -55010205?
-55010214
In base 7, what is -3 + -1440212506?
-1440212512
In base 6, what is -24 - -125210432?
125210404
In base 3, what is 10010201212 - 122222?
10010001220
In base 16, what is -149b + 1b86?
6eb
In base 15, what is 46c92 - 0?
46c92
In base 8, what is -22 + 27463633?
27463611
In base 12, what is -17 - 1981082?
-1981099
In base 7, what is 0 + 216456262?
216456262
In base 5, what is 441144020033 - 1?
441144020032
In base 13, what is 7a9 + -32a5?
-27c9
In base 4, what is 1121 + -2210200?
-2203013
In base 12, what is 49 - 550180?
-550133
In base 7, what is 3342 - -152631?
156303
In base 4, what is 21132130102 + -13?
21132130023
In base 10, what is -37292 - 1706?
-38998
In base 11, what is -10 + 17398034?
17398024
In base 13, what is 474cc - -22?
47521
In base 6, what is -1135101 - -3533?
-1131124
In base 3, what is 22121211011111 + 0?
22121211011111
In base 4, what is 2 + -1300312323?
-1300312321
In base 5, what is -4444020 - 3033?
-10002103
In base 4, what is -101 + -113030203132?
-113030203233
In base 10, what is 1971190410 - -1?
1971190411
In base 13, what is -4 + -341563?
-341567
In base 14, what is -424 + 1c60?
183a
In base 11, what is -397705 + 3?
-397702
In base 9, what is 28647428 - 5?
28647423
In base 12, what is -1 - -314461?
314460
In base 8, what is 1 - 30212135?
-30212134
In base 12, what is 19553a8 - 129?
195527b
In base 8, what is -1173 + 2700026?
2676633
In base 14, what is -3 - -787c22?
787c1d
In base 11, what is -a - -5085669?
508565a
In base 6, what is 144 + -504402?
-504214
In base 14, what is -4255 - a7b8?
-10a2d
In base 7, what is 263335 + 306?
263644
In base 5, what is -2 - 10214032243?
-10214032300
In base 3, what is 1200 - 20110110001?
-20110101101
In base 16, what is 2eb8cd + -2?
2eb8cb
In base 10, what is 60 - -309905?
309965
In base 15, what is -1 - e5757e2?
-e5757e3
In base 2, what is 100001101001011010101 - 111?
100001101001011001110
In base 4, what is -112132031 + 200?
-112131231
In base 6, what is -253 - -5213434?
5213141
In base 7, what is -1012063 + -656?
-1013052
In base 15, what is 0 - 92ee81?
-92ee81
In base 11, what is a43178a0 + 4?
a43178a4
In base 5, what is 141121430 + -111?
141121314
In base 8, what is 1103671242 - 3?
1103671237
In base 16, what is 21 + 2bbc18?
2bbc39
In base 2, what is -1 - -1011000001000100101110?
1011000001000100101101
In base 3, what is -101222 + 21011020110?
21010211111
In base 15, what is -a9129a - -7?
-a91293
In base 2, what is 1101101111100001100001001010 + 10?
1101101111100001100001001100
In base 9, what is 6081423357 - -2?
6081423360
In base 10, what is 2 - 5724820?
-5724818
In base 6, what is -103540142 + 15?
-103540123
In base 11, what is -8091 - 87586?
-94667
In base 4, what is 2022213312 - -211?
2022220123
In base 13, what is -2c03330 - 15?
-2c03345
In base 4, what is 23200312230 - 322?
23200311302
In base 2, what is 1111 + 1110101100111100010?
1110101100111110001
In base 16, what is -5 - 1cff28?
-1cff2d
In base 11, what is 13 + 27292?
272a5
In base 14, what is -178 - 3b680d?
-3b6987
In base 2, what is 100110001111010101111 - 1010100011?
100110001110000001100
In base 4, what is -23111233 - 1231?
-23113130
In base 5, what is 41001204 + 300?
41002004
In base 10, what is -33970132 + 2?
-33970130
In base 6, what is 35001 - 4341?
30220
In base 10, what is 1054 + 30186?
31240
In base 5, what is -1240 - 124020141?
-124021431
In base 16, what is 2 - bb768e6?
-bb768e4
In base 12, what is 3783631 - 12?
378361b
In base 14, what is